c be -9*(q/(-28) - 1/(-4)). What is the highest common factor of c and a?
3
Suppose -2*g = -5*n + 2*g + 321, -5*n - g + 301 = 0. Calculate the highest common factor of 366 and n.
61
Let z(q) = 3*q**2 - 5*q - 71. Let f be z(14). What is the greatest common factor of f and 3?
3
Let a = -140 - -208. Let m = 188 - a. Let u = m + -64. Calculate the highest common factor of u and 14.
14
Let n be ((-2)/(-5))/(4/30) - -47. Calculate the highest common divisor of 300 and n.
50
Let h = 15 + 0. Let g(f) = -f**2 - 14*f - 10. Let n be g(-9). Let u be 4*n/(-14)*(-18)/4. What is the greatest common factor of h and u?
15
Let h be (2/4)/(2/128). Let r(f) = 11*f**2 - 2*f - 12. Let b be r(-5). Suppose -5*i = -127 - b. What is the highest common factor of h and i?
16
Suppose 11*j - 8762 - 7188 = 0. Calculate the highest common divisor of j and 50.
50
Let k be -11*10/15*-12. What is the highest common divisor of 16 and k?
8
Let c(t) = -2*t**3 + 40*t**2 + 43*t - 18. Let s be c(21). Calculate the greatest common divisor of 12 and s.
3
Let l(b) = 9 - b + 18 + 1 - b**3 - 19*b**2 - 3*b. Let w be l(-19). Calculate the highest common factor of w and 13.
13
Let z(n) = -3*n - 12 + 0 - 3*n + n**2 + 9*n. Let o be z(-6). Calculate the highest common factor of 42 and o.
6
Let z(r) = r**3 - 14*r**2 + 29*r + 138. Let p be z(10). Let k(a) = -a**2 + 7*a - 2. Let t be k(6). Calculate the highest common divisor of t and p.
4
Let z = 10 - 15. Let w(m) = m**3 + 6*m**2 + 5*m + 5. Let x be w(z). Calculate the greatest common factor of x and 1.
1
Let q = -18 + 18. Let b be q*((-12)/8 - -2). Suppose b = -2*p - 0*p + 60. Calculate the greatest common divisor of p and 45.
15
Let i be -2 + 0 + 0 - (17 + -14). Let a(r) = -3*r - 7. Let d be a(i). What is the greatest common factor of 32 and d?
8
Let y(h) = h**2 - 8*h + 2. Let l be y(8). Suppose m = 6*m + 25, -27 = -l*i + 3*m. Calculate the greatest common factor of i and 18.
6
Let v = 69 - -16. Let t be 2*((-45)/(-6))/5. Suppose -t*n + 51 = 2*h, -h = -3*n + 2*n + 17. What is the highest common factor of n and v?
17
Let d(b) = -b**3 + 9*b**2 + 14*b - 10. Let p be (-39)/(-13) + 77/1. Suppose -p = -8*u - 0*u. Let k be d(u). What is the highest common divisor of 6 and k?
6
Let a(x) = -12*x**3 + 3*x**2 + 5*x + 14. Let v be a(-3). Calculate the highest common divisor of v and 50.
50
Let r(q) = -20*q - 61. Let f be r(-5). Calculate the highest common factor of 169 and f.
13
Let j(o) = o**2 - o + 12. Let i be j(0). Let d(y) = -2*y - 6. Let c be d(2). Let r be (-22)/(-110) + (-178)/c. Calculate the greatest common divisor of i and r.
6
Let u(r) = -3*r - 21. Let t be u(-6). Let k be (13 - (-5)/(-1)) + t. Calculate the highest common factor of k and 55.
5
Let x = 1493 - 1465. What is the highest common factor of x and 238?
14
Let i(j) = -2*j - 22. Let g be i(-12). Let w be (g/4)/(488/80 - 6). Calculate the highest common divisor of 40 and w.
5
Suppose 0 = 2*b, 11*w - 16*w = 3*b - 55. Calculate the highest common factor of w and 88.
11
Let k = -66 - -19. Let y = k - -77. What is the greatest common divisor of y and 30?
30
Suppose -25*g - 3456 = -37*g. Calculate the highest common divisor of 9 and g.
9
Suppose -6*k + 19 = 115. Let l(i) = -7*i + 1. Let z be l(-2). Let m be (k/(-20))/(1/z). Calculate the highest common factor of m and 6.
6
Let g be ((-609)/12)/((-2)/8). Suppose 22*p - 68 = -2*b + 27*p, -3*b - 4*p = -79. What is the greatest common factor of b and g?
29
Suppose -121*x + 140*x = 17347. Calculate the greatest common factor of 11 and x.
11
Let x = 553 - 435. What is the greatest common divisor of x and 767?
59
Let w(f) be the second derivative of 5*f**3/2 + 5*f**2/2 - 5*f. Let s be w(3). What is the highest common divisor of s and 10?
10
Let p = 35 + -19. Suppose 2*t + 5*t - 2688 = 0. Suppose -3*k = -2*j - t, 2*k = -3*k + 2*j + 640. Calculate the greatest common factor of p and k.
16
Let d(f) be the third derivative of 2/15*f**5 + 0 + 1/120*f**6 + 1/8*f**4 + 0*f + 8*f**2 + f**3. Let u be d(-7). What is the highest common divisor of 17 and u?
17
Let n be -3 + 3 - (1/1 - 118). Let c = -80 + n. Calculate the highest common divisor of c and 74.
37
Let b(r) = -r**2 - 13*r - 6. Let o be b(-13). Let y(k) = k**2 + 5*k + 14. Let h be y(o). Calculate the highest common divisor of 5 and h.
5
Suppose 7 = 5*c - 3. Suppose c*s = 5*s - 105. Suppose 0 = 3*g + 6, -s - 16 = -3*l + 3*g. What is the highest common factor of l and 45?
15
Let k(b) = -17*b + 35. Let q be k(-5). What is the highest common factor of q and 15?
15
Let k(s) = -4*s. Suppose -4*c + 7*c = -2*b - 5, 7 = -2*b - 5*c. Let a be k(b). Let z = -6 + 34. What is the highest common factor of z and a?
4
Let p be ((-132)/(-9))/(4/6). Suppose -2*o + m + 23 = 3*o, p = 4*o + m. Suppose 12*z - 147 = o*z. What is the greatest common divisor of 231 and z?
21
Let k be (-12)/15 + (-3)/(15 + 0). Let f be (k - -13) + -5 + 4. What is the greatest common divisor of 44 and f?
11
Let q be (4 + -2)*(-14)/4. Let t = q - -12. Suppose -2*o = o - 75. Calculate the highest common factor of o and t.
5
Let s(t) = -5 + 8 + 21*t**2 - 4 - t + 4. Let z be s(-3). Suppose -6*k + 3*k + z = 0. What is the greatest common factor of k and 13?
13
Let h(m) = -4*m**3 + 9*m**2 + 3*m - 13. Let c be h(-6). Calculate the greatest common factor of 89 and c.
89
Let m(k) = 180*k**2 + 7*k + 7. Let y be m(-1). Calculate the greatest common factor of 100 and y.
20
Let b(a) = a**3 - 9*a**2 - a + 25. Let m be b(12). What is the greatest common divisor of 5 and m?
5
Suppose -7*v + 12*v = 15. Let n be 4 - v - (-2 - 1). Suppose 4*x - 32 = 3*x. What is the highest common factor of n and x?
4
Suppose -29*g + 204 = -28*g. Suppose -54 = 6*m - g. What is the greatest common factor of 25 and m?
25
Let s be (-3)/((-1)/(-5)*-3). Let m(w) = -w**2 + 5*w + 10. Let x = 25 + -20. Let i be m(x). Calculate the highest common divisor of s and i.
5
Let m(b) = -5 + 0 - 3*b + 12*b - b**2. Let k be m(8). Suppose k*h - 110 = -2*h. Calculate the highest common factor of h and 176.
22
Let b be ((-81)/(-6))/9*6. Let x be 40/90*b/2. Calculate the highest common divisor of x and 6.
2
Let m(r) = r + 7. Let y be m(0). Let j(h) = h**2 - h - 1. Let l be j(-1). Suppose q = 6 + l. Calculate the highest common divisor of y and q.
7
Let i(c) = -136*c + 18. Let j be i(-2). Calculate the greatest common divisor of j and 10.
10
Let h be 382 - (84/21 - 0/(-1)). Calculate the greatest common factor of h and 108.
54
Let d(i) = -i**2 + 4*i + 9. Let t be d(7). Let r be (-2)/(8/t) - -6. Let j = -12 + 93. Calculate the highest common factor of r and j.
9
Let s be (4/(-6) - 0)/(28/(-1974)). What is the highest common divisor of s and 517?
47
Suppose -2*c - 12 = -6*c. Suppose c*o - 20 = o. Let v(i) = -6*i + 2. Let t be v(-13). What is the greatest common divisor of t and o?
10
Let s be (-11)/(396/1341)*(-1 - 19). What is the highest common factor of s and 15?
5
Let a = 606 + -410. What is the highest common divisor of a and 168?
28
Let l = -4 - -10. Let m = -3 - -15. Calculate the highest common factor of l and m.
6
Let c(x) = x**3 - 12*x**2 - 3*x - 40. Let k be c(13). What is the highest common factor of k and 40?
10
Let g(i) = 2*i - 3. Suppose 0 = 2*p - 0 - 14. Suppose -5*b - p = -3*x + 5, 0 = -4*x - 5*b + 16. Let d be g(x). What is the greatest common divisor of d and 55?
5
Let u be 2/(4/6) + (11 - 39). Let k = u + 38. What is the highest common factor of 13 and k?
13
Suppose 8 = -j + 5*s - 17, 0 = j + 3*s + 9. Let m be (-760)/j + 4/12. Calculate the highest common factor of m and 34.
17
Let n be 3/(3/8) + -68 + 66. Calculate the greatest common factor of 48 and n.
6
Let l be (3 - 1)/(2/639). Calculate the greatest common divisor of 18 and l.
9
Suppose -4*z = 3*t + 468, 2*z + 2*t = -217 - 17. Let r = z - -225. Suppose 7*v - 3*v = r. What is the greatest common divisor of 54 and v?
27
Suppose 3*d = -d + 1196. What is the highest common divisor of d and 26?
13
Let v be 0 + (-164)/(-2) + -1. Let t be (-72)/((-4)/3*2/4). Calculate the greatest common divisor of t and v.
27
Let j = 239 + -95. Calculate the greatest common factor of 16 and j.
16
Let a(t) = t**2 + 2*t - 11. Let l be (2 + -4)*19/(-2). Let k = l + -29. Let f be a(k). Calculate the highest common factor of f and 23.
23
Suppose -5*m -